{"id":1203,"date":"2022-07-04T15:10:43","date_gmt":"2022-07-04T15:10:43","guid":{"rendered":"https:\/\/skpohjantahti.fi\/uudet\/?page_id=1203"},"modified":"2025-01-24T20:19:28","modified_gmt":"2025-01-24T18:19:28","slug":"toimihenkilot","status":"publish","type":"page","link":"https:\/\/skpohjantahti.fi\/index.php\/toimihenkilot\/","title":{"rendered":"Toimihenkil\u00f6t"},"content":{"rendered":"\t\t<div data-elementor-type=\"wp-page\" data-elementor-id=\"1203\" class=\"elementor elementor-1203\">\n\t\t\t\t\t\t<section class=\"elementor-section elementor-top-section elementor-element elementor-element-9cb462e elementor-section-boxed elementor-section-height-default elementor-section-height-default\" data-id=\"9cb462e\" data-element_type=\"section\">\n\t\t\t\t\t\t<div class=\"elementor-container elementor-column-gap-default\">\n\t\t\t\t\t<div class=\"elementor-column elementor-col-100 elementor-top-column elementor-element elementor-element-eba6d9f\" data-id=\"eba6d9f\" data-element_type=\"column\">\n\t\t\t<div class=\"elementor-widget-wrap elementor-element-populated\">\n\t\t\t\t\t\t<div class=\"elementor-element elementor-element-0b4cc4c elementor-widget elementor-widget-heading\" data-id=\"0b4cc4c\" data-element_type=\"widget\" data-widget_type=\"heading.default\">\n\t\t\t\t<div class=\"elementor-widget-container\">\n\t\t\t\t\t<h2 class=\"elementor-heading-title elementor-size-default\">Johtokunta<\/h2>\t\t\t\t<\/div>\n\t\t\t\t<\/div>\n\t\t\t\t<div class=\"elementor-element elementor-element-6526e20 elementor-widget elementor-widget-text-editor\" data-id=\"6526e20\" data-element_type=\"widget\" data-widget_type=\"text-editor.default\">\n\t\t\t\t<div class=\"elementor-widget-container\">\n\t\t\t\t\t\t\t\t\t<ul><li><span style=\"font-size: 1rem;\">Mikko Karppinen<\/span>, puheenjohtaja<\/li><li>Petteri Heino, varapuheenjohtaja, harrastetoiminta<\/li><li><span style=\"font-style: inherit; font-weight: inherit;\">Topi Hanhela, sihteeri,\u00a0<\/span><span style=\"font-style: inherit; font-weight: inherit;\">sihteeri(a)skpohjantahti.fi<\/span><\/li><li>Alma L\u00e4hetkangas-Heikkinen, IRMA, talousasiat\u00a0<\/li><li>Hemmo Ahokoivu, palvelut<\/li><li>Janne Pihlajaniemi, varainhankinta, valmennusryhmien koordinaatio<\/li><li>Oula Pulju, kalustovastaava, harrastetoiminta\u00a0<\/li><li>Henna Laatikainen, lasten toiminta<\/li><li>Aleksi R\u00e4s\u00e4nen, hiihtosuunnistus ja py\u00f6r\u00e4suunnistus<\/li><\/ul>\t\t\t\t\t\t\t\t<\/div>\n\t\t\t\t<\/div>\n\t\t\t\t<div class=\"elementor-element elementor-element-ebcd9a6 elementor-widget elementor-widget-heading\" data-id=\"ebcd9a6\" data-element_type=\"widget\" data-widget_type=\"heading.default\">\n\t\t\t\t<div class=\"elementor-widget-container\">\n\t\t\t\t\t<h2 class=\"elementor-heading-title elementor-size-default\">Muut toimihenkil\u00f6t<\/h2>\t\t\t\t<\/div>\n\t\t\t\t<\/div>\n\t\t\t\t<div class=\"elementor-element elementor-element-c88431d elementor-widget elementor-widget-text-editor\" data-id=\"c88431d\" data-element_type=\"widget\" data-widget_type=\"text-editor.default\">\n\t\t\t\t<div class=\"elementor-widget-container\">\n\t\t\t\t\t\t\t\t\t<ul><li>Mervi Holster-Hemmi,\u00a0 j\u00e4senasiat, MyClub, postituslistat,\u00a0 jasenasiat(a)skpohjantahti.fi<\/li><li>Maritta Nurmi, naisten toiminta<\/li><li>Sampo Rahko, miesten toiminta<\/li><li>Johanna Hankonen, nuorten toiminta<\/li><li>Tarja Tanner, lasten toiminta\u00a0<\/li><li>Petri Karjalainen, Kartat<\/li><li>Vesa Halonen, IRMA, kilpailut<\/li><li>Kirsti Juhonsalo, Seura-asut<\/li><\/ul>\t\t\t\t\t\t\t\t<\/div>\n\t\t\t\t<\/div>\n\t\t\t\t\t<\/div>\n\t\t<\/div>\n\t\t\t\t\t<\/div>\n\t\t<\/section>\n\t\t\t\t<\/div>\n\t\t","protected":false},"excerpt":{"rendered":"<p>Johtokunta Mikko Karppinen, puheenjohtaja Petteri Heino, varapuheenjohtaja, harrastetoiminta Topi Hanhela, sihteeri,\u00a0sihteeri(a)skpohjantahti.fi Alma L\u00e4hetkangas-Heikkinen, IRMA, talousasiat Hemmo Ahokoivu, palvelut Janne Pihlajaniemi, varainhankinta, valmennusryhmien koordinaatio Oula Pulju, kalustovastaava, harrastetoiminta Henna Laatikainen, lasten toiminta Aleksi R\u00e4s\u00e4nen, hiihtosuunnistus ja py\u00f6r\u00e4suunnistus Muut toimihenkil\u00f6t Mervi Holster-Hemmi,\u00a0 j\u00e4senasiat, MyClub, postituslistat,\u00a0 jasenasiat(a)skpohjantahti.fi Maritta Nurmi, naisten toiminta Sampo Rahko, miesten toiminta Johanna Hankonen, nuorten [&hellip;]<\/p>\n","protected":false},"author":2,"featured_media":0,"parent":0,"menu_order":0,"comment_status":"closed","ping_status":"closed","template":"","meta":{"site-sidebar-layout":"no-sidebar","site-content-layout":"page-builder","ast-site-content-layout":"default","site-content-style":"default","site-sidebar-style":"default","ast-global-header-display":"","ast-banner-title-visibility":"","ast-main-header-display":"","ast-hfb-above-header-display":"","ast-hfb-below-header-display":"","ast-hfb-mobile-header-display":"","site-post-title":"disabled","ast-breadcrumbs-content":"","ast-featured-img":"disabled","footer-sml-layout":"","ast-disable-related-posts":"","theme-transparent-header-meta":"default","adv-header-id-meta":"","stick-header-meta":"","header-above-stick-meta":"","header-main-stick-meta":"","header-below-stick-meta":"","astra-migrate-meta-layouts":"default","ast-page-background-enabled":"default","ast-page-background-meta":{"desktop":{"background-color":"","background-image":"","background-repeat":"repeat","background-position":"center center","background-size":"auto","background-attachment":"scroll","background-type":"","background-media":"","overlay-type":"","overlay-color":"","overlay-opacity":"","overlay-gradient":""},"tablet":{"background-color":"","background-image":"","background-repeat":"repeat","background-position":"center center","background-size":"auto","background-attachment":"scroll","background-type":"","background-media":"","overlay-type":"","overlay-color":"","overlay-opacity":"","overlay-gradient":""},"mobile":{"background-color":"","background-image":"","background-repeat":"repeat","background-position":"center center","background-size":"auto","background-attachment":"scroll","background-type":"","background-media":"","overlay-type":"","overlay-color":"","overlay-opacity":"","overlay-gradient":""}},"ast-content-background-meta":{"desktop":{"background-color":"var(--ast-global-color-5)","background-image":"","background-repeat":"repeat","background-position":"center center","background-size":"auto","background-attachment":"scroll","background-type":"","background-media":"","overlay-type":"","overlay-color":"","overlay-opacity":"","overlay-gradient":""},"tablet":{"background-color":"var(--ast-global-color-5)","background-image":"","background-repeat":"repeat","background-position":"center center","background-size":"auto","background-attachment":"scroll","background-type":"","background-media":"","overlay-type":"","overlay-color":"","overlay-opacity":"","overlay-gradient":""},"mobile":{"background-color":"var(--ast-global-color-5)","background-image":"","background-repeat":"repeat","background-position":"center center","background-size":"auto","background-attachment":"scroll","background-type":"","background-media":"","overlay-type":"","overlay-color":"","overlay-opacity":"","overlay-gradient":""}},"footnotes":""},"class_list":["post-1203","page","type-page","status-publish","hentry"],"yoast_head":"<!-- This site is optimized with the Yoast SEO plugin v27.2 - https:\/\/yoast.com\/product\/yoast-seo-wordpress\/ -->\n<title>Toimihenkil\u00f6t - SK Pohjant\u00e4hti<\/title>\n<meta name=\"robots\" content=\"index, follow, max-snippet:-1, max-image-preview:large, max-video-preview:-1\" \/>\n<link rel=\"canonical\" href=\"https:\/\/skpohjantahti.fi\/index.php\/toimihenkilot\/\" \/>\n<meta property=\"og:locale\" content=\"fi_FI\" \/>\n<meta property=\"og:type\" content=\"article\" \/>\n<meta property=\"og:title\" content=\"Toimihenkil\u00f6t - SK Pohjant\u00e4hti\" \/>\n<meta property=\"og:description\" content=\"Johtokunta Mikko Karppinen, puheenjohtaja Petteri Heino, varapuheenjohtaja, harrastetoiminta Topi Hanhela, sihteeri,\u00a0sihteeri(a)skpohjantahti.fi Alma L\u00e4hetkangas-Heikkinen, IRMA, talousasiat Hemmo Ahokoivu, palvelut Janne Pihlajaniemi, varainhankinta, valmennusryhmien koordinaatio Oula Pulju, kalustovastaava, harrastetoiminta Henna Laatikainen, lasten toiminta Aleksi R\u00e4s\u00e4nen, hiihtosuunnistus ja py\u00f6r\u00e4suunnistus Muut toimihenkil\u00f6t Mervi Holster-Hemmi,\u00a0 j\u00e4senasiat, MyClub, postituslistat,\u00a0 jasenasiat(a)skpohjantahti.fi Maritta Nurmi, naisten toiminta Sampo Rahko, miesten toiminta Johanna Hankonen, nuorten [&hellip;]\" \/>\n<meta property=\"og:url\" content=\"https:\/\/skpohjantahti.fi\/index.php\/toimihenkilot\/\" \/>\n<meta property=\"og:site_name\" content=\"SK Pohjant\u00e4hti\" \/>\n<meta property=\"article:publisher\" content=\"https:\/\/www.facebook.com\/skpohjantahti\" \/>\n<meta property=\"article:modified_time\" content=\"2025-01-24T18:19:28+00:00\" \/>\n<meta name=\"twitter:card\" content=\"summary_large_image\" \/>\n<meta name=\"twitter:label1\" content=\"Arvioitu lukuaika\" \/>\n\t<meta name=\"twitter:data1\" content=\"1 minuutti\" \/>\n<script type=\"application\/ld+json\" class=\"yoast-schema-graph\">{\"@context\":\"https:\/\/schema.org\",\"@graph\":[{\"@type\":\"WebPage\",\"@id\":\"https:\/\/skpohjantahti.fi\/index.php\/toimihenkilot\/\",\"url\":\"https:\/\/skpohjantahti.fi\/index.php\/toimihenkilot\/\",\"name\":\"Toimihenkil\u00f6t - SK Pohjant\u00e4hti\",\"isPartOf\":{\"@id\":\"https:\/\/skpohjantahti.fi\/#website\"},\"datePublished\":\"2022-07-04T15:10:43+00:00\",\"dateModified\":\"2025-01-24T18:19:28+00:00\",\"breadcrumb\":{\"@id\":\"https:\/\/skpohjantahti.fi\/index.php\/toimihenkilot\/#breadcrumb\"},\"inLanguage\":\"fi\",\"potentialAction\":[{\"@type\":\"ReadAction\",\"target\":[\"https:\/\/skpohjantahti.fi\/index.php\/toimihenkilot\/\"]}]},{\"@type\":\"BreadcrumbList\",\"@id\":\"https:\/\/skpohjantahti.fi\/index.php\/toimihenkilot\/#breadcrumb\",\"itemListElement\":[{\"@type\":\"ListItem\",\"position\":1,\"name\":\"Etusivu\",\"item\":\"https:\/\/skpohjantahti.fi\/\"},{\"@type\":\"ListItem\",\"position\":2,\"name\":\"Toimihenkil\u00f6t\"}]},{\"@type\":\"WebSite\",\"@id\":\"https:\/\/skpohjantahti.fi\/#website\",\"url\":\"https:\/\/skpohjantahti.fi\/\",\"name\":\"SK Pohjant\u00e4hti\",\"description\":\"Oululainen suunnistusseura\",\"publisher\":{\"@id\":\"https:\/\/skpohjantahti.fi\/#organization\"},\"potentialAction\":[{\"@type\":\"SearchAction\",\"target\":{\"@type\":\"EntryPoint\",\"urlTemplate\":\"https:\/\/skpohjantahti.fi\/?s={search_term_string}\"},\"query-input\":{\"@type\":\"PropertyValueSpecification\",\"valueRequired\":true,\"valueName\":\"search_term_string\"}}],\"inLanguage\":\"fi\"},{\"@type\":\"Organization\",\"@id\":\"https:\/\/skpohjantahti.fi\/#organization\",\"name\":\"SK Pohjant\u00e4hti\",\"url\":\"https:\/\/skpohjantahti.fi\/\",\"logo\":{\"@type\":\"ImageObject\",\"inLanguage\":\"fi\",\"@id\":\"https:\/\/skpohjantahti.fi\/#\/schema\/logo\/image\/\",\"url\":\"https:\/\/skpohjantahti.fi\/uudet\/wp-content\/uploads\/2022\/04\/cropped-pohjantahti_log_netti_pieni.jpg\",\"contentUrl\":\"https:\/\/skpohjantahti.fi\/uudet\/wp-content\/uploads\/2022\/04\/cropped-pohjantahti_log_netti_pieni.jpg\",\"width\":198,\"height\":66,\"caption\":\"SK Pohjant\u00e4hti\"},\"image\":{\"@id\":\"https:\/\/skpohjantahti.fi\/#\/schema\/logo\/image\/\"},\"sameAs\":[\"https:\/\/www.facebook.com\/skpohjantahti\",\"https:\/\/www.instagram.com\/sk_pohjantahti\/\"]}]}<\/script>\n<!-- \/ Yoast SEO plugin. -->","yoast_head_json":{"title":"Toimihenkil\u00f6t - SK Pohjant\u00e4hti","robots":{"index":"index","follow":"follow","max-snippet":"max-snippet:-1","max-image-preview":"max-image-preview:large","max-video-preview":"max-video-preview:-1"},"canonical":"https:\/\/skpohjantahti.fi\/index.php\/toimihenkilot\/","og_locale":"fi_FI","og_type":"article","og_title":"Toimihenkil\u00f6t - SK Pohjant\u00e4hti","og_description":"Johtokunta Mikko Karppinen, puheenjohtaja Petteri Heino, varapuheenjohtaja, harrastetoiminta Topi Hanhela, sihteeri,\u00a0sihteeri(a)skpohjantahti.fi Alma L\u00e4hetkangas-Heikkinen, IRMA, talousasiat Hemmo Ahokoivu, palvelut Janne Pihlajaniemi, varainhankinta, valmennusryhmien koordinaatio Oula Pulju, kalustovastaava, harrastetoiminta Henna Laatikainen, lasten toiminta Aleksi R\u00e4s\u00e4nen, hiihtosuunnistus ja py\u00f6r\u00e4suunnistus Muut toimihenkil\u00f6t Mervi Holster-Hemmi,\u00a0 j\u00e4senasiat, MyClub, postituslistat,\u00a0 jasenasiat(a)skpohjantahti.fi Maritta Nurmi, naisten toiminta Sampo Rahko, miesten toiminta Johanna Hankonen, nuorten [&hellip;]","og_url":"https:\/\/skpohjantahti.fi\/index.php\/toimihenkilot\/","og_site_name":"SK Pohjant\u00e4hti","article_publisher":"https:\/\/www.facebook.com\/skpohjantahti","article_modified_time":"2025-01-24T18:19:28+00:00","twitter_card":"summary_large_image","twitter_misc":{"Arvioitu lukuaika":"1 minuutti"},"schema":{"@context":"https:\/\/schema.org","@graph":[{"@type":"WebPage","@id":"https:\/\/skpohjantahti.fi\/index.php\/toimihenkilot\/","url":"https:\/\/skpohjantahti.fi\/index.php\/toimihenkilot\/","name":"Toimihenkil\u00f6t - SK Pohjant\u00e4hti","isPartOf":{"@id":"https:\/\/skpohjantahti.fi\/#website"},"datePublished":"2022-07-04T15:10:43+00:00","dateModified":"2025-01-24T18:19:28+00:00","breadcrumb":{"@id":"https:\/\/skpohjantahti.fi\/index.php\/toimihenkilot\/#breadcrumb"},"inLanguage":"fi","potentialAction":[{"@type":"ReadAction","target":["https:\/\/skpohjantahti.fi\/index.php\/toimihenkilot\/"]}]},{"@type":"BreadcrumbList","@id":"https:\/\/skpohjantahti.fi\/index.php\/toimihenkilot\/#breadcrumb","itemListElement":[{"@type":"ListItem","position":1,"name":"Etusivu","item":"https:\/\/skpohjantahti.fi\/"},{"@type":"ListItem","position":2,"name":"Toimihenkil\u00f6t"}]},{"@type":"WebSite","@id":"https:\/\/skpohjantahti.fi\/#website","url":"https:\/\/skpohjantahti.fi\/","name":"SK Pohjant\u00e4hti","description":"Oululainen suunnistusseura","publisher":{"@id":"https:\/\/skpohjantahti.fi\/#organization"},"potentialAction":[{"@type":"SearchAction","target":{"@type":"EntryPoint","urlTemplate":"https:\/\/skpohjantahti.fi\/?s={search_term_string}"},"query-input":{"@type":"PropertyValueSpecification","valueRequired":true,"valueName":"search_term_string"}}],"inLanguage":"fi"},{"@type":"Organization","@id":"https:\/\/skpohjantahti.fi\/#organization","name":"SK Pohjant\u00e4hti","url":"https:\/\/skpohjantahti.fi\/","logo":{"@type":"ImageObject","inLanguage":"fi","@id":"https:\/\/skpohjantahti.fi\/#\/schema\/logo\/image\/","url":"https:\/\/skpohjantahti.fi\/uudet\/wp-content\/uploads\/2022\/04\/cropped-pohjantahti_log_netti_pieni.jpg","contentUrl":"https:\/\/skpohjantahti.fi\/uudet\/wp-content\/uploads\/2022\/04\/cropped-pohjantahti_log_netti_pieni.jpg","width":198,"height":66,"caption":"SK Pohjant\u00e4hti"},"image":{"@id":"https:\/\/skpohjantahti.fi\/#\/schema\/logo\/image\/"},"sameAs":["https:\/\/www.facebook.com\/skpohjantahti","https:\/\/www.instagram.com\/sk_pohjantahti\/"]}]}},"_links":{"self":[{"href":"https:\/\/skpohjantahti.fi\/index.php\/wp-json\/wp\/v2\/pages\/1203","targetHints":{"allow":["GET"]}}],"collection":[{"href":"https:\/\/skpohjantahti.fi\/index.php\/wp-json\/wp\/v2\/pages"}],"about":[{"href":"https:\/\/skpohjantahti.fi\/index.php\/wp-json\/wp\/v2\/types\/page"}],"author":[{"embeddable":true,"href":"https:\/\/skpohjantahti.fi\/index.php\/wp-json\/wp\/v2\/users\/2"}],"replies":[{"embeddable":true,"href":"https:\/\/skpohjantahti.fi\/index.php\/wp-json\/wp\/v2\/comments?post=1203"}],"version-history":[{"count":43,"href":"https:\/\/skpohjantahti.fi\/index.php\/wp-json\/wp\/v2\/pages\/1203\/revisions"}],"predecessor-version":[{"id":4756,"href":"https:\/\/skpohjantahti.fi\/index.php\/wp-json\/wp\/v2\/pages\/1203\/revisions\/4756"}],"wp:attachment":[{"href":"https:\/\/skpohjantahti.fi\/index.php\/wp-json\/wp\/v2\/media?parent=1203"}],"curies":[{"name":"wp","href":"https:\/\/api.w.org\/{rel}","templated":true}]}}