{"id":3005,"date":"2023-05-15T14:07:43","date_gmt":"2023-05-15T14:07:43","guid":{"rendered":"https:\/\/skpohjantahti.fi\/?page_id=3005"},"modified":"2023-05-15T14:17:08","modified_gmt":"2023-05-15T14:17:08","slug":"kompassi-tapahtuma-kiekonmaja","status":"publish","type":"page","link":"https:\/\/skpohjantahti.fi\/index.php\/kompassi-tapahtuma-kiekonmaja\/","title":{"rendered":"Kompassi-tapahtuma Kiekonmaja"},"content":{"rendered":"\t\t<div data-elementor-type=\"wp-page\" data-elementor-id=\"3005\" class=\"elementor elementor-3005\">\n\t\t\t\t\t\t<section class=\"elementor-section elementor-top-section elementor-element elementor-element-e6da8e3 elementor-section-boxed elementor-section-height-default elementor-section-height-default\" data-id=\"e6da8e3\" data-element_type=\"section\">\n\t\t\t\t\t\t<div class=\"elementor-container elementor-column-gap-default\">\n\t\t\t\t\t<div class=\"elementor-column elementor-col-100 elementor-top-column elementor-element elementor-element-0946cb0\" data-id=\"0946cb0\" data-element_type=\"column\">\n\t\t\t<div class=\"elementor-widget-wrap elementor-element-populated\">\n\t\t\t\t\t\t<div class=\"elementor-element elementor-element-4e8a170 elementor-widget elementor-widget-heading\" data-id=\"4e8a170\" data-element_type=\"widget\" data-widget_type=\"heading.default\">\n\t\t\t\t<div class=\"elementor-widget-container\">\n\t\t\t\t\t<h2 class=\"elementor-heading-title elementor-size-default\">Kompassi-tapahtuma Kiekonmaja 22.5.<\/h2>\t\t\t\t<\/div>\n\t\t\t\t<\/div>\n\t\t\t\t\t<\/div>\n\t\t<\/div>\n\t\t\t\t\t<\/div>\n\t\t<\/section>\n\t\t\t\t<section class=\"elementor-section elementor-top-section elementor-element elementor-element-dabfab9 elementor-section-boxed elementor-section-height-default elementor-section-height-default\" data-id=\"dabfab9\" data-element_type=\"section\">\n\t\t\t\t\t\t<div class=\"elementor-container elementor-column-gap-default\">\n\t\t\t\t\t<div class=\"elementor-column elementor-col-100 elementor-top-column elementor-element elementor-element-b71a326\" data-id=\"b71a326\" data-element_type=\"column\">\n\t\t\t<div class=\"elementor-widget-wrap elementor-element-populated\">\n\t\t\t\t\t\t<section class=\"elementor-section elementor-inner-section elementor-element elementor-element-725f004 elementor-section-boxed elementor-section-height-default elementor-section-height-default\" data-id=\"725f004\" data-element_type=\"section\">\n\t\t\t\t\t\t<div class=\"elementor-container elementor-column-gap-default\">\n\t\t\t\t\t<div class=\"elementor-column elementor-col-50 elementor-inner-column elementor-element elementor-element-a4b5086\" data-id=\"a4b5086\" data-element_type=\"column\">\n\t\t\t<div class=\"elementor-widget-wrap elementor-element-populated\">\n\t\t\t\t\t\t<div class=\"elementor-element elementor-element-691b27f elementor-widget elementor-widget-text-editor\" data-id=\"691b27f\" data-element_type=\"widget\" data-widget_type=\"text-editor.default\">\n\t\t\t\t<div class=\"elementor-widget-container\">\n\t\t\t\t\t\t\t\t\t<p><strong>TAPAHTUMAKUTSU<\/strong><\/p><p><br \/><strong>Pohjois-Pohjanmaan 1. Kompassi-cup, seuratason tapahtuma<\/strong><br \/><strong>Kiekonmajalla 22.5.2023<\/strong><\/p><p><b>Tervetuloa lasten ja nuorten matalan kynnyksen<br \/>suunnistustapahtumaan!<\/b><\/p><p>T\u00e4m\u00e4 Kompassi-cup toteutetaan seuratason tapahtumana. Tapahtumassa harjoitellaan kilpailunomaisesti SSL:n l\u00e4hikilpailun s\u00e4\u00e4nt\u00f6jen sek\u00e4 Suunnistuksen lajis\u00e4\u00e4nt\u00f6jen mukaisesti kilpailemista. Tapahtumaan osallistuminen ei vaadi kilpailulisenssi\u00e4. Ei cup-pisteytyst\u00e4. Halutessaan voi ottaa Emit-ajanotolla ajan, mutta ilman aikaakin voi osallistua.<\/p>\t\t\t\t\t\t\t\t<\/div>\n\t\t\t\t<\/div>\n\t\t\t\t<div class=\"elementor-element elementor-element-795ccde elementor-widget elementor-widget-image\" data-id=\"795ccde\" data-element_type=\"widget\" data-widget_type=\"image.default\">\n\t\t\t\t<div class=\"elementor-widget-container\">\n\t\t\t\t\t\t\t\t\t\t\t\t\t\t\t<img fetchpriority=\"high\" decoding=\"async\" width=\"587\" height=\"318\" src=\"https:\/\/skpohjantahti.fi\/uudet\/wp-content\/uploads\/2023\/05\/harjoituiskilpailun-sarjat.jpg\" class=\"attachment-large size-large wp-image-3006\" alt=\"\" srcset=\"https:\/\/skpohjantahti.fi\/uudet\/wp-content\/uploads\/2023\/05\/harjoituiskilpailun-sarjat.jpg 587w, https:\/\/skpohjantahti.fi\/uudet\/wp-content\/uploads\/2023\/05\/harjoituiskilpailun-sarjat-300x163.jpg 300w\" sizes=\"(max-width: 587px) 100vw, 587px\" \/>\t\t\t\t\t\t\t\t\t\t\t\t\t\t\t<\/div>\n\t\t\t\t<\/div>\n\t\t\t\t<div class=\"elementor-element elementor-element-5f08b4a elementor-widget elementor-widget-text-editor\" data-id=\"5f08b4a\" data-element_type=\"widget\" data-widget_type=\"text-editor.default\">\n\t\t\t\t<div class=\"elementor-widget-container\">\n\t\t\t\t\t\t\t\t\t<p>RR=rastireittirata: maastossa on yhten\u00e4inen nauha, jonka varrella rastit ovat. Reitin varrella on oikaisumahdollisuuksia, joita saa k\u00e4ytt\u00e4\u00e4 hyv\u00e4kseen. Puuttuvasta tai v\u00e4\u00e4r\u00e4st\u00e4 leimasta tulee 10 min aikasakko.<\/p><p>TR= tukireittirata: maastossa on sama nauha kuin RR-radalla, mutta rastit eiv\u00e4t sijaitse sen varrella, vaan l\u00e4heisyydess\u00e4. Viitoitusta voi k\u00e4ytt\u00e4\u00e4 hyv\u00e4kseen tai suunnistaa siit\u00e4 v\u00e4litt\u00e4m\u00e4tt\u00e4 rastilta toiselle.<\/p><p><strong>ForFun-aktiviteetit<\/strong><br \/><strong>Rastiralli:<\/strong><br \/>Lyhyt suunnistusaktiviteetti tapahtumakeskuksessa, joka sopii my\u00f6s perheen pienimmille.<br \/>Radan voi kiert\u00e4\u00e4 yksin tai yhdess\u00e4, tuloksia ei julkaista, mutta halutessaan saa tulosteen omasta ajasta.<\/p><p><strong>Maasto:<\/strong> Kiekonmajan maasto on lapsille turvallinen ja mukava suunnistusalue, joka sis\u00e4lt\u00e4\u00e4 paljon selkeit\u00e4 ja johdattelevia maastokohteita, kuten polkuja ja kuntoradan.<br \/>Kulkukelpoisuus on hyv\u00e4.<\/p><p><strong>Matkat:<\/strong> Keskimatkat<\/p><p><br \/><strong>Ilmoittautuminen:<\/strong> Harjoituskilpailun sarjoihin SK Pohjant\u00e4hden lapset ja nuoret ilmoittautuvat etuk\u00e4teen MyClub-sovelluksessa 19.5.2023 menness\u00e4. SK Pohjant\u00e4hden Hippo-suunnistuskoululaiset ilmoittautuvat heille suunnistuskoulussa annetun ohjeen mukaisesti. Muiden osallistujien ilmoittautuminen mielell\u00e4\u00e4n 19.5.2023 klo 24.00 menness\u00e4 s\u00e4hk\u00f6postilla skpohjantahti.lapset(at)gmail.com karttojen tulostuksen vuoksi. Ilmoittautuessa s\u00e4hk\u00f6postilla mainitse osallistujan nimi, sarja ja mahdollinen seura. Rastiralliin ilmoittautuminen tapahtuu paikan p\u00e4\u00e4ll\u00e4.<\/p><p><strong>Osanottomaksut:<\/strong> SK Pohjant\u00e4hden lapset, nuoret ja Hippo-suunnistuskoululaiset ilmaiseksi. Muilta 3 \u20ac\/hl\u00f6 tai 6 \u20ac\/perhe.\u00a0 Osanottomaksut maksetaan<br \/>tapahtumakeskuksessa infossa, korttimaksu tai k\u00e4teinen (tasaraha).<\/p><p><strong>Leimaustapa:<\/strong> K\u00e4yt\u00f6ss\u00e4 on Emit-leimaus. Mahdollisuus lainata emit-kortteja j\u00e4rjest\u00e4j\u00e4lt\u00e4, jos ei l\u00f6ydy omaa.\u00a0 Palauttamattomasta lainakortista perit\u00e4\u00e4n 50e maksu.<\/p><p><strong>L\u00e4ht\u00f6:<\/strong> L\u00e4hd\u00f6t harjoituskilpailuun aktiiviharrastajille klo 18:00\u201318:30 ja l\u00e4ht\u00f6 auki kaikille muille klo 18:30-19:00. Vapaat l\u00e4ht\u00f6ajat. L\u00e4ht\u00f6 sijaitsee tapahtumakeskuksen l\u00e4hell\u00e4. Rastiralli auki klo 18-19:30.<\/p><p><strong>Kartta:<\/strong> Suunnistuskartta, mittakaava 1:7500. Omat karttamuovit.<\/p><p><br \/><strong>Opastus ja paikoitus:<\/strong> Kilpailukeskuksen osoite: Kiekonmajantie 49, 90650 Oulu. Paikoitus kilpailukeskuksessa.<\/p><p><br \/><strong>Palkinnot:<\/strong> Kaikille osallistujille pieni palkinto.<\/p><p><br \/><strong>TERVETULOA!<\/strong><\/p>\t\t\t\t\t\t\t\t<\/div>\n\t\t\t\t<\/div>\n\t\t\t\t\t<\/div>\n\t\t<\/div>\n\t\t\t\t<div class=\"elementor-column elementor-col-50 elementor-inner-column elementor-element elementor-element-574f506\" data-id=\"574f506\" data-element_type=\"column\">\n\t\t\t<div class=\"elementor-widget-wrap elementor-element-populated\">\n\t\t\t\t\t\t<div class=\"elementor-element elementor-element-2ef89ed elementor-widget elementor-widget-image\" data-id=\"2ef89ed\" data-element_type=\"widget\" data-widget_type=\"image.default\">\n\t\t\t\t<div class=\"elementor-widget-container\">\n\t\t\t\t\t\t\t\t\t\t\t\t\t\t\t<img decoding=\"async\" width=\"1024\" height=\"724\" src=\"https:\/\/skpohjantahti.fi\/uudet\/wp-content\/uploads\/2023\/04\/kompassitapahtumat_logo_2022_Sivu_4-1024x724.png\" class=\"attachment-large size-large wp-image-2920\" alt=\"\" srcset=\"https:\/\/skpohjantahti.fi\/uudet\/wp-content\/uploads\/2023\/04\/kompassitapahtumat_logo_2022_Sivu_4-1024x724.png 1024w, https:\/\/skpohjantahti.fi\/uudet\/wp-content\/uploads\/2023\/04\/kompassitapahtumat_logo_2022_Sivu_4-300x212.png 300w, https:\/\/skpohjantahti.fi\/uudet\/wp-content\/uploads\/2023\/04\/kompassitapahtumat_logo_2022_Sivu_4-768x543.png 768w, https:\/\/skpohjantahti.fi\/uudet\/wp-content\/uploads\/2023\/04\/kompassitapahtumat_logo_2022_Sivu_4-1536x1086.png 1536w, https:\/\/skpohjantahti.fi\/uudet\/wp-content\/uploads\/2023\/04\/kompassitapahtumat_logo_2022_Sivu_4-2048x1448.png 2048w\" sizes=\"(max-width: 1024px) 100vw, 1024px\" \/>\t\t\t\t\t\t\t\t\t\t\t\t\t\t\t<\/div>\n\t\t\t\t<\/div>\n\t\t\t\t\t<\/div>\n\t\t<\/div>\n\t\t\t\t\t<\/div>\n\t\t<\/section>\n\t\t\t\t\t<\/div>\n\t\t<\/div>\n\t\t\t\t\t<\/div>\n\t\t<\/section>\n\t\t\t\t<\/div>\n\t\t","protected":false},"excerpt":{"rendered":"<p>Kompassi-tapahtuma Kiekonmaja 22.5. TAPAHTUMAKUTSU Pohjois-Pohjanmaan 1. Kompassi-cup, seuratason tapahtumaKiekonmajalla 22.5.2023 Tervetuloa lasten ja nuorten matalan kynnyksensuunnistustapahtumaan! T\u00e4m\u00e4 Kompassi-cup toteutetaan seuratason tapahtumana. Tapahtumassa harjoitellaan kilpailunomaisesti SSL:n l\u00e4hikilpailun s\u00e4\u00e4nt\u00f6jen sek\u00e4 Suunnistuksen lajis\u00e4\u00e4nt\u00f6jen mukaisesti kilpailemista. Tapahtumaan osallistuminen ei vaadi kilpailulisenssi\u00e4. Ei cup-pisteytyst\u00e4. Halutessaan voi ottaa Emit-ajanotolla ajan, mutta ilman aikaakin voi osallistua. RR=rastireittirata: maastossa on yhten\u00e4inen nauha, jonka [&hellip;]<\/p>\n","protected":false},"author":2,"featured_media":0,"parent":0,"menu_order":0,"comment_status":"closed","ping_status":"closed","template":"","meta":{"site-sidebar-layout":"no-sidebar","site-content-layout":"page-builder","ast-site-content-layout":"default","site-content-style":"default","site-sidebar-style":"default","ast-global-header-display":"","ast-banner-title-visibility":"","ast-main-header-display":"","ast-hfb-above-header-display":"","ast-hfb-below-header-display":"","ast-hfb-mobile-header-display":"","site-post-title":"disabled","ast-breadcrumbs-content":"","ast-featured-img":"disabled","footer-sml-layout":"","ast-disable-related-posts":"","theme-transparent-header-meta":"","adv-header-id-meta":"","stick-header-meta":"","header-above-stick-meta":"","header-main-stick-meta":"","header-below-stick-meta":"","astra-migrate-meta-layouts":"default","ast-page-background-enabled":"default","ast-page-background-meta":{"desktop":{"background-color":"","background-image":"","background-repeat":"repeat","background-position":"center center","background-size":"auto","background-attachment":"scroll","background-type":"","background-media":"","overlay-type":"","overlay-color":"","overlay-opacity":"","overlay-gradient":""},"tablet":{"background-color":"","background-image":"","background-repeat":"repeat","background-position":"center center","background-size":"auto","background-attachment":"scroll","background-type":"","background-media":"","overlay-type":"","overlay-color":"","overlay-opacity":"","overlay-gradient":""},"mobile":{"background-color":"","background-image":"","background-repeat":"repeat","background-position":"center center","background-size":"auto","background-attachment":"scroll","background-type":"","background-media":"","overlay-type":"","overlay-color":"","overlay-opacity":"","overlay-gradient":""}},"ast-content-background-meta":{"desktop":{"background-color":"var(--ast-global-color-5)","background-image":"","background-repeat":"repeat","background-position":"center center","background-size":"auto","background-attachment":"scroll","background-type":"","background-media":"","overlay-type":"","overlay-color":"","overlay-opacity":"","overlay-gradient":""},"tablet":{"background-color":"var(--ast-global-color-5)","background-image":"","background-repeat":"repeat","background-position":"center center","background-size":"auto","background-attachment":"scroll","background-type":"","background-media":"","overlay-type":"","overlay-color":"","overlay-opacity":"","overlay-gradient":""},"mobile":{"background-color":"var(--ast-global-color-5)","background-image":"","background-repeat":"repeat","background-position":"center center","background-size":"auto","background-attachment":"scroll","background-type":"","background-media":"","overlay-type":"","overlay-color":"","overlay-opacity":"","overlay-gradient":""}},"footnotes":""},"class_list":["post-3005","page","type-page","status-publish","hentry"],"yoast_head":"<!-- This site is optimized with the Yoast SEO plugin v27.5 - https:\/\/yoast.com\/product\/yoast-seo-wordpress\/ -->\n<title>Kompassi-tapahtuma Kiekonmaja - SK Pohjant\u00e4hti<\/title>\n<meta name=\"robots\" content=\"index, follow, max-snippet:-1, max-image-preview:large, max-video-preview:-1\" \/>\n<link rel=\"canonical\" href=\"https:\/\/skpohjantahti.fi\/index.php\/kompassi-tapahtuma-kiekonmaja\/\" \/>\n<meta property=\"og:locale\" content=\"fi_FI\" \/>\n<meta property=\"og:type\" content=\"article\" \/>\n<meta property=\"og:title\" content=\"Kompassi-tapahtuma Kiekonmaja - SK Pohjant\u00e4hti\" \/>\n<meta property=\"og:description\" content=\"Kompassi-tapahtuma Kiekonmaja 22.5. TAPAHTUMAKUTSU Pohjois-Pohjanmaan 1. Kompassi-cup, seuratason tapahtumaKiekonmajalla 22.5.2023 Tervetuloa lasten ja nuorten matalan kynnyksensuunnistustapahtumaan! T\u00e4m\u00e4 Kompassi-cup toteutetaan seuratason tapahtumana. Tapahtumassa harjoitellaan kilpailunomaisesti SSL:n l\u00e4hikilpailun s\u00e4\u00e4nt\u00f6jen sek\u00e4 Suunnistuksen lajis\u00e4\u00e4nt\u00f6jen mukaisesti kilpailemista. Tapahtumaan osallistuminen ei vaadi kilpailulisenssi\u00e4. Ei cup-pisteytyst\u00e4. Halutessaan voi ottaa Emit-ajanotolla ajan, mutta ilman aikaakin voi osallistua. RR=rastireittirata: maastossa on yhten\u00e4inen nauha, jonka [&hellip;]\" \/>\n<meta property=\"og:url\" content=\"https:\/\/skpohjantahti.fi\/index.php\/kompassi-tapahtuma-kiekonmaja\/\" \/>\n<meta property=\"og:site_name\" content=\"SK Pohjant\u00e4hti\" \/>\n<meta property=\"article:publisher\" content=\"https:\/\/www.facebook.com\/skpohjantahti\" \/>\n<meta property=\"article:modified_time\" content=\"2023-05-15T14:17:08+00:00\" \/>\n<meta property=\"og:image\" content=\"https:\/\/skpohjantahti.fi\/uudet\/wp-content\/uploads\/2023\/05\/harjoituiskilpailun-sarjat.jpg\" \/>\n<meta name=\"twitter:card\" content=\"summary_large_image\" \/>\n<meta name=\"twitter:label1\" content=\"Arvioitu lukuaika\" \/>\n\t<meta name=\"twitter:data1\" content=\"2 minuuttia\" \/>\n<script type=\"application\/ld+json\" class=\"yoast-schema-graph\">{\"@context\":\"https:\\\/\\\/schema.org\",\"@graph\":[{\"@type\":\"WebPage\",\"@id\":\"https:\\\/\\\/skpohjantahti.fi\\\/index.php\\\/kompassi-tapahtuma-kiekonmaja\\\/\",\"url\":\"https:\\\/\\\/skpohjantahti.fi\\\/index.php\\\/kompassi-tapahtuma-kiekonmaja\\\/\",\"name\":\"Kompassi-tapahtuma Kiekonmaja - SK Pohjant\u00e4hti\",\"isPartOf\":{\"@id\":\"https:\\\/\\\/skpohjantahti.fi\\\/#website\"},\"primaryImageOfPage\":{\"@id\":\"https:\\\/\\\/skpohjantahti.fi\\\/index.php\\\/kompassi-tapahtuma-kiekonmaja\\\/#primaryimage\"},\"image\":{\"@id\":\"https:\\\/\\\/skpohjantahti.fi\\\/index.php\\\/kompassi-tapahtuma-kiekonmaja\\\/#primaryimage\"},\"thumbnailUrl\":\"https:\\\/\\\/skpohjantahti.fi\\\/uudet\\\/wp-content\\\/uploads\\\/2023\\\/05\\\/harjoituiskilpailun-sarjat.jpg\",\"datePublished\":\"2023-05-15T14:07:43+00:00\",\"dateModified\":\"2023-05-15T14:17:08+00:00\",\"breadcrumb\":{\"@id\":\"https:\\\/\\\/skpohjantahti.fi\\\/index.php\\\/kompassi-tapahtuma-kiekonmaja\\\/#breadcrumb\"},\"inLanguage\":\"fi\",\"potentialAction\":[{\"@type\":\"ReadAction\",\"target\":[\"https:\\\/\\\/skpohjantahti.fi\\\/index.php\\\/kompassi-tapahtuma-kiekonmaja\\\/\"]}]},{\"@type\":\"ImageObject\",\"inLanguage\":\"fi\",\"@id\":\"https:\\\/\\\/skpohjantahti.fi\\\/index.php\\\/kompassi-tapahtuma-kiekonmaja\\\/#primaryimage\",\"url\":\"https:\\\/\\\/skpohjantahti.fi\\\/uudet\\\/wp-content\\\/uploads\\\/2023\\\/05\\\/harjoituiskilpailun-sarjat.jpg\",\"contentUrl\":\"https:\\\/\\\/skpohjantahti.fi\\\/uudet\\\/wp-content\\\/uploads\\\/2023\\\/05\\\/harjoituiskilpailun-sarjat.jpg\",\"width\":587,\"height\":318},{\"@type\":\"BreadcrumbList\",\"@id\":\"https:\\\/\\\/skpohjantahti.fi\\\/index.php\\\/kompassi-tapahtuma-kiekonmaja\\\/#breadcrumb\",\"itemListElement\":[{\"@type\":\"ListItem\",\"position\":1,\"name\":\"Etusivu\",\"item\":\"https:\\\/\\\/skpohjantahti.fi\\\/\"},{\"@type\":\"ListItem\",\"position\":2,\"name\":\"Kompassi-tapahtuma Kiekonmaja\"}]},{\"@type\":\"WebSite\",\"@id\":\"https:\\\/\\\/skpohjantahti.fi\\\/#website\",\"url\":\"https:\\\/\\\/skpohjantahti.fi\\\/\",\"name\":\"SK Pohjant\u00e4hti\",\"description\":\"Oululainen suunnistusseura\",\"publisher\":{\"@id\":\"https:\\\/\\\/skpohjantahti.fi\\\/#organization\"},\"potentialAction\":[{\"@type\":\"SearchAction\",\"target\":{\"@type\":\"EntryPoint\",\"urlTemplate\":\"https:\\\/\\\/skpohjantahti.fi\\\/?s={search_term_string}\"},\"query-input\":{\"@type\":\"PropertyValueSpecification\",\"valueRequired\":true,\"valueName\":\"search_term_string\"}}],\"inLanguage\":\"fi\"},{\"@type\":\"Organization\",\"@id\":\"https:\\\/\\\/skpohjantahti.fi\\\/#organization\",\"name\":\"SK Pohjant\u00e4hti\",\"url\":\"https:\\\/\\\/skpohjantahti.fi\\\/\",\"logo\":{\"@type\":\"ImageObject\",\"inLanguage\":\"fi\",\"@id\":\"https:\\\/\\\/skpohjantahti.fi\\\/#\\\/schema\\\/logo\\\/image\\\/\",\"url\":\"https:\\\/\\\/skpohjantahti.fi\\\/uudet\\\/wp-content\\\/uploads\\\/2022\\\/04\\\/cropped-pohjantahti_log_netti_pieni.jpg\",\"contentUrl\":\"https:\\\/\\\/skpohjantahti.fi\\\/uudet\\\/wp-content\\\/uploads\\\/2022\\\/04\\\/cropped-pohjantahti_log_netti_pieni.jpg\",\"width\":198,\"height\":66,\"caption\":\"SK Pohjant\u00e4hti\"},\"image\":{\"@id\":\"https:\\\/\\\/skpohjantahti.fi\\\/#\\\/schema\\\/logo\\\/image\\\/\"},\"sameAs\":[\"https:\\\/\\\/www.facebook.com\\\/skpohjantahti\",\"https:\\\/\\\/www.instagram.com\\\/sk_pohjantahti\\\/\"]}]}<\/script>\n<!-- \/ Yoast SEO plugin. -->","yoast_head_json":{"title":"Kompassi-tapahtuma Kiekonmaja - SK Pohjant\u00e4hti","robots":{"index":"index","follow":"follow","max-snippet":"max-snippet:-1","max-image-preview":"max-image-preview:large","max-video-preview":"max-video-preview:-1"},"canonical":"https:\/\/skpohjantahti.fi\/index.php\/kompassi-tapahtuma-kiekonmaja\/","og_locale":"fi_FI","og_type":"article","og_title":"Kompassi-tapahtuma Kiekonmaja - SK Pohjant\u00e4hti","og_description":"Kompassi-tapahtuma Kiekonmaja 22.5. TAPAHTUMAKUTSU Pohjois-Pohjanmaan 1. Kompassi-cup, seuratason tapahtumaKiekonmajalla 22.5.2023 Tervetuloa lasten ja nuorten matalan kynnyksensuunnistustapahtumaan! T\u00e4m\u00e4 Kompassi-cup toteutetaan seuratason tapahtumana. Tapahtumassa harjoitellaan kilpailunomaisesti SSL:n l\u00e4hikilpailun s\u00e4\u00e4nt\u00f6jen sek\u00e4 Suunnistuksen lajis\u00e4\u00e4nt\u00f6jen mukaisesti kilpailemista. Tapahtumaan osallistuminen ei vaadi kilpailulisenssi\u00e4. Ei cup-pisteytyst\u00e4. Halutessaan voi ottaa Emit-ajanotolla ajan, mutta ilman aikaakin voi osallistua. RR=rastireittirata: maastossa on yhten\u00e4inen nauha, jonka [&hellip;]","og_url":"https:\/\/skpohjantahti.fi\/index.php\/kompassi-tapahtuma-kiekonmaja\/","og_site_name":"SK Pohjant\u00e4hti","article_publisher":"https:\/\/www.facebook.com\/skpohjantahti","article_modified_time":"2023-05-15T14:17:08+00:00","og_image":[{"url":"https:\/\/skpohjantahti.fi\/uudet\/wp-content\/uploads\/2023\/05\/harjoituiskilpailun-sarjat.jpg","type":"","width":"","height":""}],"twitter_card":"summary_large_image","twitter_misc":{"Arvioitu lukuaika":"2 minuuttia"},"schema":{"@context":"https:\/\/schema.org","@graph":[{"@type":"WebPage","@id":"https:\/\/skpohjantahti.fi\/index.php\/kompassi-tapahtuma-kiekonmaja\/","url":"https:\/\/skpohjantahti.fi\/index.php\/kompassi-tapahtuma-kiekonmaja\/","name":"Kompassi-tapahtuma Kiekonmaja - SK Pohjant\u00e4hti","isPartOf":{"@id":"https:\/\/skpohjantahti.fi\/#website"},"primaryImageOfPage":{"@id":"https:\/\/skpohjantahti.fi\/index.php\/kompassi-tapahtuma-kiekonmaja\/#primaryimage"},"image":{"@id":"https:\/\/skpohjantahti.fi\/index.php\/kompassi-tapahtuma-kiekonmaja\/#primaryimage"},"thumbnailUrl":"https:\/\/skpohjantahti.fi\/uudet\/wp-content\/uploads\/2023\/05\/harjoituiskilpailun-sarjat.jpg","datePublished":"2023-05-15T14:07:43+00:00","dateModified":"2023-05-15T14:17:08+00:00","breadcrumb":{"@id":"https:\/\/skpohjantahti.fi\/index.php\/kompassi-tapahtuma-kiekonmaja\/#breadcrumb"},"inLanguage":"fi","potentialAction":[{"@type":"ReadAction","target":["https:\/\/skpohjantahti.fi\/index.php\/kompassi-tapahtuma-kiekonmaja\/"]}]},{"@type":"ImageObject","inLanguage":"fi","@id":"https:\/\/skpohjantahti.fi\/index.php\/kompassi-tapahtuma-kiekonmaja\/#primaryimage","url":"https:\/\/skpohjantahti.fi\/uudet\/wp-content\/uploads\/2023\/05\/harjoituiskilpailun-sarjat.jpg","contentUrl":"https:\/\/skpohjantahti.fi\/uudet\/wp-content\/uploads\/2023\/05\/harjoituiskilpailun-sarjat.jpg","width":587,"height":318},{"@type":"BreadcrumbList","@id":"https:\/\/skpohjantahti.fi\/index.php\/kompassi-tapahtuma-kiekonmaja\/#breadcrumb","itemListElement":[{"@type":"ListItem","position":1,"name":"Etusivu","item":"https:\/\/skpohjantahti.fi\/"},{"@type":"ListItem","position":2,"name":"Kompassi-tapahtuma Kiekonmaja"}]},{"@type":"WebSite","@id":"https:\/\/skpohjantahti.fi\/#website","url":"https:\/\/skpohjantahti.fi\/","name":"SK Pohjant\u00e4hti","description":"Oululainen suunnistusseura","publisher":{"@id":"https:\/\/skpohjantahti.fi\/#organization"},"potentialAction":[{"@type":"SearchAction","target":{"@type":"EntryPoint","urlTemplate":"https:\/\/skpohjantahti.fi\/?s={search_term_string}"},"query-input":{"@type":"PropertyValueSpecification","valueRequired":true,"valueName":"search_term_string"}}],"inLanguage":"fi"},{"@type":"Organization","@id":"https:\/\/skpohjantahti.fi\/#organization","name":"SK Pohjant\u00e4hti","url":"https:\/\/skpohjantahti.fi\/","logo":{"@type":"ImageObject","inLanguage":"fi","@id":"https:\/\/skpohjantahti.fi\/#\/schema\/logo\/image\/","url":"https:\/\/skpohjantahti.fi\/uudet\/wp-content\/uploads\/2022\/04\/cropped-pohjantahti_log_netti_pieni.jpg","contentUrl":"https:\/\/skpohjantahti.fi\/uudet\/wp-content\/uploads\/2022\/04\/cropped-pohjantahti_log_netti_pieni.jpg","width":198,"height":66,"caption":"SK Pohjant\u00e4hti"},"image":{"@id":"https:\/\/skpohjantahti.fi\/#\/schema\/logo\/image\/"},"sameAs":["https:\/\/www.facebook.com\/skpohjantahti","https:\/\/www.instagram.com\/sk_pohjantahti\/"]}]}},"_links":{"self":[{"href":"https:\/\/skpohjantahti.fi\/index.php\/wp-json\/wp\/v2\/pages\/3005","targetHints":{"allow":["GET"]}}],"collection":[{"href":"https:\/\/skpohjantahti.fi\/index.php\/wp-json\/wp\/v2\/pages"}],"about":[{"href":"https:\/\/skpohjantahti.fi\/index.php\/wp-json\/wp\/v2\/types\/page"}],"author":[{"embeddable":true,"href":"https:\/\/skpohjantahti.fi\/index.php\/wp-json\/wp\/v2\/users\/2"}],"replies":[{"embeddable":true,"href":"https:\/\/skpohjantahti.fi\/index.php\/wp-json\/wp\/v2\/comments?post=3005"}],"version-history":[{"count":7,"href":"https:\/\/skpohjantahti.fi\/index.php\/wp-json\/wp\/v2\/pages\/3005\/revisions"}],"predecessor-version":[{"id":3019,"href":"https:\/\/skpohjantahti.fi\/index.php\/wp-json\/wp\/v2\/pages\/3005\/revisions\/3019"}],"wp:attachment":[{"href":"https:\/\/skpohjantahti.fi\/index.php\/wp-json\/wp\/v2\/media?parent=3005"}],"curies":[{"name":"wp","href":"https:\/\/api.w.org\/{rel}","templated":true}]}}