{"id":3682,"date":"2023-12-20T14:32:05","date_gmt":"2023-12-20T14:32:05","guid":{"rendered":"https:\/\/skpohjantahti.fi\/?page_id=3682"},"modified":"2024-01-12T12:36:27","modified_gmt":"2024-01-12T12:36:27","slug":"sisasuunnistus24","status":"publish","type":"page","link":"https:\/\/skpohjantahti.fi\/index.php\/sisasuunnistus24\/","title":{"rendered":"Sis\u00e4suunnistukset 2024"},"content":{"rendered":"<p>Talvisarjan osana juostaan tammikuussa 2024 kolme sis\u00e4suunnistusta, joiden tarkemmat tiedot l\u00f6ytyv\u00e4t t\u00e4lt\u00e4 sivulta.<br \/>\nTulokset, v\u00e4liajat jne l\u00f6ytyv\u00e4t Oulurastisivulta.<\/p>\n<p><strong><em>Muistakaa ennakkoilmoittautua<a href=\"https:\/\/forms.gle\/RWeY616Bj1LFUCBz9\" target=\"_blank\" rel=\"noopener\"> t\u00e4\u00e4lt\u00e4<\/a>, yliopistolle 11.1. klo 21 menness\u00e4.<\/em><\/strong><\/p>\n<p><strong>Sis\u00e4suunnistus?<br \/>\n<\/strong>Viimeisen reilun viiden vuoden aikana suunnistajat ovat saaneet sis\u00e4suunnistuksesta erinomaisen lis\u00e4n talven t\u00e4ytteeksi. Oulussa j\u00e4rjestettiin hyv\u00e4\u00e4 suosiota, palautetta ja julkisuuttakin saanut <a href=\"http:\/\/talvisarja.omasivu.fi\/oulu-indoor-cup\/\" target=\"_blank\" rel=\"noopener\">Oulu Indoor Cup<\/a> tammikuussa 2020. Sen j\u00e4lkeen koronan yms. my\u00f6t\u00e4 on ollut hiljaisempaa, joten nyt on korkea aika jatkaa touhua.<\/p>\n<p>Sis\u00e4suunnistus on taidollisena haasteena ainutkertainen lajin muoto. L\u00e4himp\u00e4n\u00e4 sit\u00e4 on vaativa sprinttisuunnistus, johon erona on nopeampi tempo, kartan mittakaava ja ennenkaikkea suunnistusalueen kerroksien hahmottaminen.<\/p>\n<p><strong>Tapahtumat<\/strong><\/p>\n<p>Sis\u00e4suunnistukset aloitetaan jo <a href=\"https:\/\/oulurastit.info\/event\/show\/1186\" target=\"_blank\" rel=\"noopener\">23.12. Jatulissa<\/a> Heikki Grekel\u00e4n radoilla (linkin takana tarkemmat ohjeet; toiminta kuten Oulurasteilla eli kartat ostetaan paikan p\u00e4\u00e4ll\u00e4, ei ennakkoilmoitatutumista).<\/p>\n<p>Sen j\u00e4lkeen juostaan (linkit ilmaantuvat sit\u00e4 mukaa kuin sis\u00e4lt\u00f6\u00e4 l\u00f6ytyy):<br \/>\n<strong>7.1. Linnakangastalo<\/strong> (ratamestari Timo Karppinen, apulainen ja kartta Petri Karjalainen):<br \/>\n<a href=\"https:\/\/skpohjantahti.fi\/index.php\/3684-2\/\">ennakkotiedot<\/a> (vilkaise alusta my\u00f6s viimeiset p\u00e4ivitykset!)<br \/>\n<a href=\"http:\/\/skpohjantahti.fi\/talvisarja\/2024\/linnakangas_lahto.pdf\" target=\"_blank\" rel=\"noopener\">l\u00e4ht\u00f6ajat<\/a> (unohdtiko ilmoittautua&#8230; j\u00e4lki-ilmoittautuminen paikan p\u00e4\u00e4ll\u00e4, 2\u20ac lis\u00e4maksu)<br \/>\n<a href=\"https:\/\/oulurastit.info\/event\/show\/1187\" target=\"_blank\" rel=\"noopener\">oulurastisivu<\/a><br \/>\n<strong>13.-14.1. Yliopisto Linnanmaa<\/strong> (ratamestari Janne Pihlajaniemi, apulainen Petteri Annunen, kartta Keijo Ruotsalainen):<br \/>\n<a href=\"https:\/\/skpohjantahti.fi\/index.php\/yliopisto24\/\">ennakkotiedot<\/a><br \/>\nl\u00e4ht\u00f6ajat: <a href=\"http:\/\/skpohjantahti.fi\/talvisarja\/2024\/yliopisto_la.pdf\" target=\"_blank\" rel=\"noopener\">lauantai<\/a> ja <a href=\"http:\/\/skpohjantahti.fi\/talvisarja\/2024\/yliopisto_su.pdf\" target=\"_blank\" rel=\"noopener\">sunnuntai<\/a><br \/>\noulurastisivut: <a href=\"https:\/\/oulurastit.info\/event\/show\/1189\" target=\"_blank\" rel=\"noopener\">lauantai<\/a> ja <a href=\"https:\/\/oulurastit.info\/event\/show\/1190\" target=\"_blank\" rel=\"noopener\">sunnuntai<\/a><\/p>\n<h2>Yhteiset tiedot<\/h2>\n<p>(ovat toistaiseksi alustavia, tarkennuksia voi tulla)<\/p>\n<p><strong>Ilmoittautuminen ja l\u00e4ht\u00f6ajat<\/strong>:<\/p>\n<p><span style=\"text-decoration: underline;\">Tapahtumiin on ennakkoilmoittautuminen ja m\u00e4\u00e4r\u00e4tyt l\u00e4ht\u00f6ajat<\/span>. (T\u00e4m\u00e4 siksi, ett\u00e4 kilpailualue ja pukeutumis-\/l\u00e4ht\u00f6alue ruuhkautuu muuten. Lis\u00e4ksi emme halua tulostaa kovin hirve\u00e4sti ylim\u00e4\u00e4r\u00e4isi\u00e4 karttoja.)<\/p>\n<p><a href=\"https:\/\/forms.gle\/RWeY616Bj1LFUCBz9\" target=\"_blank\" rel=\"noopener\">Ilmoittautuminen t\u00e4m\u00e4n lomakkeen kautta<\/a><\/p>\n<p>Ilmoittautuminen p\u00e4\u00e4ttyy aina tapahtumaa edelt\u00e4v\u00e4n\u00e4 torstaina klo 21 (eli to 4.1. Linnakankaalle ja 11.1. Yliopistolle). Laitetaan autokunnat mielell\u00e4\u00e4n l\u00e4htem\u00e4\u00e4n l\u00e4hekk\u00e4in, t\u00e4t\u00e4 voi toivoa lomakkeen lis\u00e4tiedot-kent\u00e4ss\u00e4.<br \/>\nT\u00e4m\u00e4n j\u00e4lkeen voi j\u00e4lki-ilmoittautua paikan p\u00e4\u00e4ll\u00e4 (lis\u00e4maksu 2\u20ac), varakarttoja varataan 5-10\/rata.<\/p>\n<p>L\u00e4ht\u00f6ajat julkistetaan edelt\u00e4v\u00e4n\u00e4 perjantaina n. klo 21. J\u00e4lki-ilmoittautuneille ilmoitetaan l\u00e4ht\u00f6aika ilmoittautuessa (j\u00e4tet\u00e4\u00e4n jokunen vara-aika ja l\u00e4ht\u00f6 voi olla my\u00f6s alussa\/lopussa).<\/p>\n<p><strong>Maksut<\/strong>:<\/p>\n<p><a href=\"https:\/\/skpohjantahti.fi\/index.php\/talvisarja\/\">Talvisarjan ohjeen<\/a> mukaiset, my\u00f6s sarjaliput k\u00e4yv\u00e4t. Paikan p\u00e4\u00e4ll\u00e4 j\u00e4lki-ilmoittatutuville 2\u20ac lis\u00e4maksu.<\/p>\n<p><strong>Radat:<\/strong><\/p>\n<p>A miehet, A naiset (vaativia)<br \/>\nB miehet, B naiset (sopivasti A-radoista helpotettuja; soveltuvat junnuille 13+v ja varttuneemmille veteraaneille)<br \/>\nC (helpohko, soveltuu lapsille ja v\u00e4hemm\u00e4n suunnistaneille)<\/p>\n<p><strong>Kartta, kulkuohjeita:<\/strong><\/p>\n<p>Sis\u00e4suunnistuskartta omilla merkeill\u00e4, mittakaava 1:600, katso alta k\u00e4ytetyt merkit ja esimerkki portaikkojen merkinn\u00e4st\u00e4 eri kerroksissa.<br \/>\nKannattaa my\u00f6s katsoa vanhat kartat eli 2020 sis\u00e4suunnistuksen radat, niin ymm\u00e4rt\u00e4\u00e4 miten kerrokset kuvataan (karttoihin on linkit vanhalla <a href=\"http:\/\/talvisarja.omasivu.fi\/oulu-indoor-cup\/\" target=\"_blank\" rel=\"noopener\">Oulu Indoor Cup<\/a> -sivustolla &#8211; toki huomatkaa, ett\u00e4 juonikkaat ratamestarit saattavat tehd\u00e4 &#8217;maastot\u00f6it\u00e4&#8217; jolloin kulkumahdollisuudet ja kartan ulkoasu poikkeaa 2020 kartasta).<br \/>\nKartta ei ole muovissa (eli ota oma muovi mukaan, jos haluat sit\u00e4 k\u00e4ytt\u00e4\u00e4).<br \/>\nRastinm\u00e4\u00e4ritteit\u00e4 ei ole (rastikoodi on numeron per\u00e4ss\u00e4 kartalla).<br \/>\nEri kerroksia voi vaihtaa portaita pitkin. Kartassa on eri kerroksissa portaiden kohdalla aina sama kirjain. N\u00e4in tied\u00e4t, mist\u00e4 kohtaa tulet kartalla aina uuteen kerrokseen.<br \/>\nKarttaan ei ole kuvattu tuoleja ja muita siirrelt\u00e4vi\u00e4 kohteita. P\u00f6yd\u00e4t ja sohvat on kuvattu hieman viitteellisesti. Ovat nekin voineet &#8221;liikkua&#8221; hieman.<br \/>\nEt saa ylitt\u00e4\u00e4, alittaa tai siirt\u00e4\u00e4 p\u00f6yti\u00e4, kaappeja ja muita huonekaluja.<br \/>\nEt saa avata tai sulkea ovia. Ne ovet, mitk\u00e4 ovat kartassa auki, ovat my\u00f6s todellisuudessa auki. Kiinni olevat ovet on merkitty kartaan sein\u00e4n merkill\u00e4. Ulkokautta kiert\u00e4minen on kielletty\u00e4.<br \/>\nKielletyt reitit on merkitty karttaan violetilla viivalla. Rakennuksessa ne on merkitty nauhoilla ja\/tai est\u00e4m\u00e4ll\u00e4 huonekaluilla.<\/p>\n<p><strong>Saapuminen, verryttely, varusteet:<\/strong><\/p>\n<p>Suosittelemme katsomaan tapahtumakohtaisen kilpailukeskuskartan ja ohjeet.<br \/>\nVerryttely tapahtuu ulkona, emme varaa siihen sis\u00e4tiloja. Sis\u00e4tiloja on rajatusti (kaikki osallistujat eiv\u00e4t mill\u00e4\u00e4n mahdu kerralla paikalle), joten toivomme saapumista &#8217;sopivasti&#8217; (15min) ennen l\u00e4ht\u00f6\u00e4.<br \/>\nVarustus on muuten vapaa, mutta jalassa <span style=\"text-decoration: underline;\">tulee olla <\/span><span class=\"TextRun SCXW233769153 BCX2\" lang=\"FI-FI\" xml:lang=\"FI-FI\" data-contrast=\"auto\"><span style=\"text-decoration: underline;\"><span class=\"NormalTextRun SCXW233769153 BCX2\">pehmytpohjaiset, <\/span><span class=\"NormalTextRun SpellingErrorV2Themed SCXW233769153 BCX2\">j\u00e4lki\u00e4 j\u00e4tt\u00e4m\u00e4tt\u00f6m\u00e4t<\/span><\/span><span class=\"NormalTextRun SCXW233769153 BCX2\"><span style=\"text-decoration: underline;\"> keng\u00e4t<\/span>.<\/span><\/span><\/p>\n<p><strong>L\u00e4ht\u00f6<\/strong>:<\/p>\n<p>Sis\u00e4\u00e4n huudetaan 2min ennen l\u00e4ht\u00f6\u00e4. Kartan voi asettaa muoviin 1min ennen l\u00e4ht\u00f6\u00e4, mutta katsotaan vasta l\u00e4ht\u00f6hetkell\u00e4. Emit-nollaus tapahtuu l\u00e4ht\u00f6hetkell\u00e4. K-pisteelle voi olla lyhyt viitoitus.<\/p>\n<p><strong>Leimaus ja rastit:<\/strong><\/p>\n<p>Emit-leimaus,\u00a0 rastilla ei ole lippua vaan pelkk\u00e4 rastileimasin (yleens\u00e4 teipattuna huonekaluun tms.).<\/p>\n<p><strong>Maali:<\/strong><\/p>\n<p>Maalileimaus Emitill\u00e4, muista k\u00e4yd\u00e4 sen j\u00e4lkeen tulospalvelussa (tulokset Oulurastisivuilla tapahtuman j\u00e4lkeen).<br \/>\nMaaliin tulon j\u00e4lkeen muista, ett\u00e4 iso osa sis\u00e4suunnistuksen ideasta on &#8217;hoksata&#8217; haasteet nopeasti itse. Niinp\u00e4 j\u00e4lkipelit kannattaa hoitaa niin, ett\u00e4 viel\u00e4 omaa suunnistustaan odottaville ei tule liikaa ennakkotietoja tulevasta suunnistuksesta.<\/p>\n<p><strong>Turvallisuus:<\/strong><\/p>\n<p>Varo kilpailualueella muita kulkijoita ja kilpailijoita. Vastaan tullessa v\u00e4ist\u00e4 oikealle. Yleens\u00e4 mutkaisemmissa kohdissa kannattaa maksimivauhdista tiputtaa reilusti, niin pysyy suunnistuskin paremmin hallussa.<\/p>\n<p><img fetchpriority=\"high\" decoding=\"async\" class=\"alignnone size-full wp-image-3693\" src=\"https:\/\/skpohjantahti.fi\/uudet\/wp-content\/uploads\/2023\/12\/sisa_esim.jpg\" alt=\"\" width=\"700\" height=\"317\" srcset=\"https:\/\/skpohjantahti.fi\/uudet\/wp-content\/uploads\/2023\/12\/sisa_esim.jpg 700w, https:\/\/skpohjantahti.fi\/uudet\/wp-content\/uploads\/2023\/12\/sisa_esim-300x136.jpg 300w\" sizes=\"(max-width: 700px) 100vw, 700px\" \/><\/p>\n","protected":false},"excerpt":{"rendered":"<p>Talvisarjan osana juostaan tammikuussa 2024 kolme sis\u00e4suunnistusta, joiden tarkemmat tiedot l\u00f6ytyv\u00e4t t\u00e4lt\u00e4 sivulta. Tulokset, v\u00e4liajat jne l\u00f6ytyv\u00e4t Oulurastisivulta. Muistakaa ennakkoilmoittautua t\u00e4\u00e4lt\u00e4, yliopistolle 11.1. klo 21 menness\u00e4. Sis\u00e4suunnistus? Viimeisen reilun viiden vuoden aikana suunnistajat ovat saaneet sis\u00e4suunnistuksesta erinomaisen lis\u00e4n talven t\u00e4ytteeksi. Oulussa j\u00e4rjestettiin hyv\u00e4\u00e4 suosiota, palautetta ja julkisuuttakin saanut Oulu Indoor Cup tammikuussa 2020. Sen j\u00e4lkeen [&hellip;]<\/p>\n","protected":false},"author":2,"featured_media":0,"parent":0,"menu_order":0,"comment_status":"closed","ping_status":"closed","template":"","meta":{"site-sidebar-layout":"default","site-content-layout":"default","ast-site-content-layout":"default","site-content-style":"default","site-sidebar-style":"default","ast-global-header-display":"","ast-banner-title-visibility":"","ast-main-header-display":"","ast-hfb-above-header-display":"","ast-hfb-below-header-display":"","ast-hfb-mobile-header-display":"","site-post-title":"","ast-breadcrumbs-content":"","ast-featured-img":"","footer-sml-layout":"","ast-disable-related-posts":"","theme-transparent-header-meta":"default","adv-header-id-meta":"","stick-header-meta":"","header-above-stick-meta":"","header-main-stick-meta":"","header-below-stick-meta":"","astra-migrate-meta-layouts":"default","ast-page-background-enabled":"default","ast-page-background-meta":{"desktop":{"background-color":"","background-image":"","background-repeat":"repeat","background-position":"center center","background-size":"auto","background-attachment":"scroll","background-type":"","background-media":"","overlay-type":"","overlay-color":"","overlay-opacity":"","overlay-gradient":""},"tablet":{"background-color":"","background-image":"","background-repeat":"repeat","background-position":"center center","background-size":"auto","background-attachment":"scroll","background-type":"","background-media":"","overlay-type":"","overlay-color":"","overlay-opacity":"","overlay-gradient":""},"mobile":{"background-color":"","background-image":"","background-repeat":"repeat","background-position":"center center","background-size":"auto","background-attachment":"scroll","background-type":"","background-media":"","overlay-type":"","overlay-color":"","overlay-opacity":"","overlay-gradient":""}},"ast-content-background-meta":{"desktop":{"background-color":"var(--ast-global-color-5)","background-image":"","background-repeat":"repeat","background-position":"center center","background-size":"auto","background-attachment":"scroll","background-type":"","background-media":"","overlay-type":"","overlay-color":"","overlay-opacity":"","overlay-gradient":""},"tablet":{"background-color":"var(--ast-global-color-5)","background-image":"","background-repeat":"repeat","background-position":"center center","background-size":"auto","background-attachment":"scroll","background-type":"","background-media":"","overlay-type":"","overlay-color":"","overlay-opacity":"","overlay-gradient":""},"mobile":{"background-color":"var(--ast-global-color-5)","background-image":"","background-repeat":"repeat","background-position":"center center","background-size":"auto","background-attachment":"scroll","background-type":"","background-media":"","overlay-type":"","overlay-color":"","overlay-opacity":"","overlay-gradient":""}},"footnotes":""},"class_list":["post-3682","page","type-page","status-publish","hentry"],"yoast_head":"<!-- This site is optimized with the Yoast SEO plugin v27.2 - https:\/\/yoast.com\/product\/yoast-seo-wordpress\/ -->\n<title>Sis\u00e4suunnistukset 2024 - SK Pohjant\u00e4hti<\/title>\n<meta name=\"robots\" content=\"index, follow, max-snippet:-1, max-image-preview:large, max-video-preview:-1\" \/>\n<link rel=\"canonical\" href=\"https:\/\/skpohjantahti.fi\/index.php\/sisasuunnistus24\/\" \/>\n<meta property=\"og:locale\" content=\"fi_FI\" \/>\n<meta property=\"og:type\" content=\"article\" \/>\n<meta property=\"og:title\" content=\"Sis\u00e4suunnistukset 2024 - SK Pohjant\u00e4hti\" \/>\n<meta property=\"og:description\" content=\"Talvisarjan osana juostaan tammikuussa 2024 kolme sis\u00e4suunnistusta, joiden tarkemmat tiedot l\u00f6ytyv\u00e4t t\u00e4lt\u00e4 sivulta. Tulokset, v\u00e4liajat jne l\u00f6ytyv\u00e4t Oulurastisivulta. Muistakaa ennakkoilmoittautua t\u00e4\u00e4lt\u00e4, yliopistolle 11.1. klo 21 menness\u00e4. Sis\u00e4suunnistus? Viimeisen reilun viiden vuoden aikana suunnistajat ovat saaneet sis\u00e4suunnistuksesta erinomaisen lis\u00e4n talven t\u00e4ytteeksi. Oulussa j\u00e4rjestettiin hyv\u00e4\u00e4 suosiota, palautetta ja julkisuuttakin saanut Oulu Indoor Cup tammikuussa 2020. Sen j\u00e4lkeen [&hellip;]\" \/>\n<meta property=\"og:url\" content=\"https:\/\/skpohjantahti.fi\/index.php\/sisasuunnistus24\/\" \/>\n<meta property=\"og:site_name\" content=\"SK Pohjant\u00e4hti\" \/>\n<meta property=\"article:publisher\" content=\"https:\/\/www.facebook.com\/skpohjantahti\" \/>\n<meta property=\"article:modified_time\" content=\"2024-01-12T12:36:27+00:00\" \/>\n<meta property=\"og:image\" content=\"https:\/\/skpohjantahti.fi\/uudet\/wp-content\/uploads\/2023\/12\/sisa_esim.jpg\" \/>\n<meta name=\"twitter:card\" content=\"summary_large_image\" \/>\n<meta name=\"twitter:label1\" content=\"Arvioitu lukuaika\" \/>\n\t<meta name=\"twitter:data1\" content=\"4 minuuttia\" \/>\n<script type=\"application\/ld+json\" class=\"yoast-schema-graph\">{\"@context\":\"https:\/\/schema.org\",\"@graph\":[{\"@type\":\"WebPage\",\"@id\":\"https:\/\/skpohjantahti.fi\/index.php\/sisasuunnistus24\/\",\"url\":\"https:\/\/skpohjantahti.fi\/index.php\/sisasuunnistus24\/\",\"name\":\"Sis\u00e4suunnistukset 2024 - SK Pohjant\u00e4hti\",\"isPartOf\":{\"@id\":\"https:\/\/skpohjantahti.fi\/#website\"},\"primaryImageOfPage\":{\"@id\":\"https:\/\/skpohjantahti.fi\/index.php\/sisasuunnistus24\/#primaryimage\"},\"image\":{\"@id\":\"https:\/\/skpohjantahti.fi\/index.php\/sisasuunnistus24\/#primaryimage\"},\"thumbnailUrl\":\"https:\/\/skpohjantahti.fi\/uudet\/wp-content\/uploads\/2023\/12\/sisa_esim.jpg\",\"datePublished\":\"2023-12-20T14:32:05+00:00\",\"dateModified\":\"2024-01-12T12:36:27+00:00\",\"breadcrumb\":{\"@id\":\"https:\/\/skpohjantahti.fi\/index.php\/sisasuunnistus24\/#breadcrumb\"},\"inLanguage\":\"fi\",\"potentialAction\":[{\"@type\":\"ReadAction\",\"target\":[\"https:\/\/skpohjantahti.fi\/index.php\/sisasuunnistus24\/\"]}]},{\"@type\":\"ImageObject\",\"inLanguage\":\"fi\",\"@id\":\"https:\/\/skpohjantahti.fi\/index.php\/sisasuunnistus24\/#primaryimage\",\"url\":\"https:\/\/skpohjantahti.fi\/uudet\/wp-content\/uploads\/2023\/12\/sisa_esim.jpg\",\"contentUrl\":\"https:\/\/skpohjantahti.fi\/uudet\/wp-content\/uploads\/2023\/12\/sisa_esim.jpg\",\"width\":700,\"height\":317},{\"@type\":\"BreadcrumbList\",\"@id\":\"https:\/\/skpohjantahti.fi\/index.php\/sisasuunnistus24\/#breadcrumb\",\"itemListElement\":[{\"@type\":\"ListItem\",\"position\":1,\"name\":\"Etusivu\",\"item\":\"https:\/\/skpohjantahti.fi\/\"},{\"@type\":\"ListItem\",\"position\":2,\"name\":\"Sis\u00e4suunnistukset 2024\"}]},{\"@type\":\"WebSite\",\"@id\":\"https:\/\/skpohjantahti.fi\/#website\",\"url\":\"https:\/\/skpohjantahti.fi\/\",\"name\":\"SK Pohjant\u00e4hti\",\"description\":\"Oululainen suunnistusseura\",\"publisher\":{\"@id\":\"https:\/\/skpohjantahti.fi\/#organization\"},\"potentialAction\":[{\"@type\":\"SearchAction\",\"target\":{\"@type\":\"EntryPoint\",\"urlTemplate\":\"https:\/\/skpohjantahti.fi\/?s={search_term_string}\"},\"query-input\":{\"@type\":\"PropertyValueSpecification\",\"valueRequired\":true,\"valueName\":\"search_term_string\"}}],\"inLanguage\":\"fi\"},{\"@type\":\"Organization\",\"@id\":\"https:\/\/skpohjantahti.fi\/#organization\",\"name\":\"SK Pohjant\u00e4hti\",\"url\":\"https:\/\/skpohjantahti.fi\/\",\"logo\":{\"@type\":\"ImageObject\",\"inLanguage\":\"fi\",\"@id\":\"https:\/\/skpohjantahti.fi\/#\/schema\/logo\/image\/\",\"url\":\"https:\/\/skpohjantahti.fi\/uudet\/wp-content\/uploads\/2022\/04\/cropped-pohjantahti_log_netti_pieni.jpg\",\"contentUrl\":\"https:\/\/skpohjantahti.fi\/uudet\/wp-content\/uploads\/2022\/04\/cropped-pohjantahti_log_netti_pieni.jpg\",\"width\":198,\"height\":66,\"caption\":\"SK Pohjant\u00e4hti\"},\"image\":{\"@id\":\"https:\/\/skpohjantahti.fi\/#\/schema\/logo\/image\/\"},\"sameAs\":[\"https:\/\/www.facebook.com\/skpohjantahti\",\"https:\/\/www.instagram.com\/sk_pohjantahti\/\"]}]}<\/script>\n<!-- \/ Yoast SEO plugin. -->","yoast_head_json":{"title":"Sis\u00e4suunnistukset 2024 - SK Pohjant\u00e4hti","robots":{"index":"index","follow":"follow","max-snippet":"max-snippet:-1","max-image-preview":"max-image-preview:large","max-video-preview":"max-video-preview:-1"},"canonical":"https:\/\/skpohjantahti.fi\/index.php\/sisasuunnistus24\/","og_locale":"fi_FI","og_type":"article","og_title":"Sis\u00e4suunnistukset 2024 - SK Pohjant\u00e4hti","og_description":"Talvisarjan osana juostaan tammikuussa 2024 kolme sis\u00e4suunnistusta, joiden tarkemmat tiedot l\u00f6ytyv\u00e4t t\u00e4lt\u00e4 sivulta. Tulokset, v\u00e4liajat jne l\u00f6ytyv\u00e4t Oulurastisivulta. Muistakaa ennakkoilmoittautua t\u00e4\u00e4lt\u00e4, yliopistolle 11.1. klo 21 menness\u00e4. Sis\u00e4suunnistus? Viimeisen reilun viiden vuoden aikana suunnistajat ovat saaneet sis\u00e4suunnistuksesta erinomaisen lis\u00e4n talven t\u00e4ytteeksi. Oulussa j\u00e4rjestettiin hyv\u00e4\u00e4 suosiota, palautetta ja julkisuuttakin saanut Oulu Indoor Cup tammikuussa 2020. Sen j\u00e4lkeen [&hellip;]","og_url":"https:\/\/skpohjantahti.fi\/index.php\/sisasuunnistus24\/","og_site_name":"SK Pohjant\u00e4hti","article_publisher":"https:\/\/www.facebook.com\/skpohjantahti","article_modified_time":"2024-01-12T12:36:27+00:00","og_image":[{"url":"https:\/\/skpohjantahti.fi\/uudet\/wp-content\/uploads\/2023\/12\/sisa_esim.jpg","type":"","width":"","height":""}],"twitter_card":"summary_large_image","twitter_misc":{"Arvioitu lukuaika":"4 minuuttia"},"schema":{"@context":"https:\/\/schema.org","@graph":[{"@type":"WebPage","@id":"https:\/\/skpohjantahti.fi\/index.php\/sisasuunnistus24\/","url":"https:\/\/skpohjantahti.fi\/index.php\/sisasuunnistus24\/","name":"Sis\u00e4suunnistukset 2024 - SK Pohjant\u00e4hti","isPartOf":{"@id":"https:\/\/skpohjantahti.fi\/#website"},"primaryImageOfPage":{"@id":"https:\/\/skpohjantahti.fi\/index.php\/sisasuunnistus24\/#primaryimage"},"image":{"@id":"https:\/\/skpohjantahti.fi\/index.php\/sisasuunnistus24\/#primaryimage"},"thumbnailUrl":"https:\/\/skpohjantahti.fi\/uudet\/wp-content\/uploads\/2023\/12\/sisa_esim.jpg","datePublished":"2023-12-20T14:32:05+00:00","dateModified":"2024-01-12T12:36:27+00:00","breadcrumb":{"@id":"https:\/\/skpohjantahti.fi\/index.php\/sisasuunnistus24\/#breadcrumb"},"inLanguage":"fi","potentialAction":[{"@type":"ReadAction","target":["https:\/\/skpohjantahti.fi\/index.php\/sisasuunnistus24\/"]}]},{"@type":"ImageObject","inLanguage":"fi","@id":"https:\/\/skpohjantahti.fi\/index.php\/sisasuunnistus24\/#primaryimage","url":"https:\/\/skpohjantahti.fi\/uudet\/wp-content\/uploads\/2023\/12\/sisa_esim.jpg","contentUrl":"https:\/\/skpohjantahti.fi\/uudet\/wp-content\/uploads\/2023\/12\/sisa_esim.jpg","width":700,"height":317},{"@type":"BreadcrumbList","@id":"https:\/\/skpohjantahti.fi\/index.php\/sisasuunnistus24\/#breadcrumb","itemListElement":[{"@type":"ListItem","position":1,"name":"Etusivu","item":"https:\/\/skpohjantahti.fi\/"},{"@type":"ListItem","position":2,"name":"Sis\u00e4suunnistukset 2024"}]},{"@type":"WebSite","@id":"https:\/\/skpohjantahti.fi\/#website","url":"https:\/\/skpohjantahti.fi\/","name":"SK Pohjant\u00e4hti","description":"Oululainen suunnistusseura","publisher":{"@id":"https:\/\/skpohjantahti.fi\/#organization"},"potentialAction":[{"@type":"SearchAction","target":{"@type":"EntryPoint","urlTemplate":"https:\/\/skpohjantahti.fi\/?s={search_term_string}"},"query-input":{"@type":"PropertyValueSpecification","valueRequired":true,"valueName":"search_term_string"}}],"inLanguage":"fi"},{"@type":"Organization","@id":"https:\/\/skpohjantahti.fi\/#organization","name":"SK Pohjant\u00e4hti","url":"https:\/\/skpohjantahti.fi\/","logo":{"@type":"ImageObject","inLanguage":"fi","@id":"https:\/\/skpohjantahti.fi\/#\/schema\/logo\/image\/","url":"https:\/\/skpohjantahti.fi\/uudet\/wp-content\/uploads\/2022\/04\/cropped-pohjantahti_log_netti_pieni.jpg","contentUrl":"https:\/\/skpohjantahti.fi\/uudet\/wp-content\/uploads\/2022\/04\/cropped-pohjantahti_log_netti_pieni.jpg","width":198,"height":66,"caption":"SK Pohjant\u00e4hti"},"image":{"@id":"https:\/\/skpohjantahti.fi\/#\/schema\/logo\/image\/"},"sameAs":["https:\/\/www.facebook.com\/skpohjantahti","https:\/\/www.instagram.com\/sk_pohjantahti\/"]}]}},"_links":{"self":[{"href":"https:\/\/skpohjantahti.fi\/index.php\/wp-json\/wp\/v2\/pages\/3682","targetHints":{"allow":["GET"]}}],"collection":[{"href":"https:\/\/skpohjantahti.fi\/index.php\/wp-json\/wp\/v2\/pages"}],"about":[{"href":"https:\/\/skpohjantahti.fi\/index.php\/wp-json\/wp\/v2\/types\/page"}],"author":[{"embeddable":true,"href":"https:\/\/skpohjantahti.fi\/index.php\/wp-json\/wp\/v2\/users\/2"}],"replies":[{"embeddable":true,"href":"https:\/\/skpohjantahti.fi\/index.php\/wp-json\/wp\/v2\/comments?post=3682"}],"version-history":[{"count":15,"href":"https:\/\/skpohjantahti.fi\/index.php\/wp-json\/wp\/v2\/pages\/3682\/revisions"}],"predecessor-version":[{"id":3766,"href":"https:\/\/skpohjantahti.fi\/index.php\/wp-json\/wp\/v2\/pages\/3682\/revisions\/3766"}],"wp:attachment":[{"href":"https:\/\/skpohjantahti.fi\/index.php\/wp-json\/wp\/v2\/media?parent=3682"}],"curies":[{"name":"wp","href":"https:\/\/api.w.org\/{rel}","templated":true}]}}